{"id":5821,"date":"2024-10-24T20:31:16","date_gmt":"2024-10-24T20:31:16","guid":{"rendered":"https:\/\/www.ggaparapente.com\/?page_id=5821"},"modified":"2024-10-24T21:26:50","modified_gmt":"2024-10-24T21:26:50","slug":"trasporto-per-parapendio-a-tenerife-viaggio-a-izana-e-decollo-da-2200m","status":"publish","type":"page","link":"https:\/\/www.ggaparapente.com\/it\/trasporto-per-parapendio-a-tenerife-viaggio-a-izana-e-decollo-da-2200m\/","title":{"rendered":"Trasporto per parapendisti a Tenerife: viaggio a Iza\u00f1a e decollo da 2200m"},"content":{"rendered":"<div class=\"wp-block-cover alignfull is-light\" style=\"min-height:100vh;aspect-ratio:unset;\"><span aria-hidden=\"true\" class=\"wp-block-cover__background has-background-dim-100 has-background-dim\" style=\"background-color:#ffffff\"><\/span><div class=\"wp-block-cover__inner-container is-layout-flow wp-block-cover-is-layout-flow\">\n<div class=\"wp-block-media-text alignwide is-stacked-on-mobile is-vertically-aligned-center is-image-fill\" style=\"grid-template-columns:56% auto\"><figure class=\"wp-block-media-text__media\" style=\"background-image:url(https:\/\/www.ggaparapente.com\/wp-content\/uploads\/2024\/10\/DALL\u00b7E-2024-10-24-20.36.56-An-illustration-of-a-Renault-Trafic-van-driving-up-a-mountain-road-towards-the-Izana-area-with-Mount-Teide-prominently-in-the-background.-The-van-is-.webp);background-position:50% 50%\"><img loading=\"lazy\" decoding=\"async\" width=\"1024\" height=\"1024\" src=\"https:\/\/www.ggaparapente.com\/wp-content\/uploads\/2024\/10\/DALL-E-2024-10-24-20.36.56-An-illustration-of-a-Renault-Trafic-van-driving-up-a-mountain-road-towards-the-Izana-area-with-Mount-Teide-prominently-in-the-background.-The-van-is-.webp\" alt=\"\" class=\"wp-image-5822 size-full\" title=\"\" srcset=\"\" sizes=\"auto, (max-width: 1024px) 100vw, 1024px\" data-srcset=\"\" \/><\/figure><div class=\"wp-block-media-text__content\">\n<h2 class=\"wp-block-heading has-text-color\" style=\"color:#000000;font-size:32px\"><strong>Trasporto specializzato per parapendisti a Iza\u00f1a<\/strong><\/h2>\n\n\n\n<p class=\"has-text-color\" style=\"color:#000000;font-size:17px\"><em>Trasporto professionale per parapendio al sito di decollo di Iza\u00f1a. Che voliate da soli o in gruppo, vi porteremo direttamente a 2200 metri di altitudine con il miglior servizio. Prenotate il vostro posto e godetevi il volo senza preoccupazioni!<\/em><\/p>\n\n\n\n<div class=\"wp-block-buttons is-layout-flex wp-block-buttons-is-layout-flex\"><\/div>\n<\/div><\/div>\n\n\n<div class=\"gb-container gb-container-d400af0f\">\n<div class=\"gb-container gb-container-e04b3174\">\n<div class=\"gb-container gb-container-25dcbec0\">\n\n<h2 class=\"gb-headline gb-headline-b0b08234 gb-headline-text\">Tariffe di trasporto per Iza\u00f1a<\/h2>\n\n\n\n<div class=\"gb-headline gb-headline-9e62c019 gb-headline-text\">Offriamo opzioni di trasporto adatte alle vostre esigenze. Che vogliate un viaggio esclusivo o preferiate approfittare dei nostri turni regolari, ecco le nostre tariffe.<\/div>\n\n<\/div>\n<\/div>\n\n<div class=\"gb-container gb-container-4faed120\">\n<div class=\"gb-grid-wrapper gb-grid-wrapper-93f1e1d7\">\n<div class=\"gb-grid-column gb-grid-column-3e60a742\"><div class=\"gb-container gb-container-3e60a742\">\n\n<h3 class=\"gb-headline gb-headline-1b8bd9cf\"><span class=\"gb-icon\"><svg aria-hidden=\"true\" role=\"img\" height=\"1em\" width=\"1em\" viewbox=\"0 0 512 512\" xmlns=\"http:\/\/www.w3.org\/2000\/svg\"><path fill=\"currentColor\" d=\"M256 56c110.532 0 200 89.451 200 200 0 110.532-89.451 200-200 200-110.532 0-200-89.451-200-200 0-110.532 89.451-200 200-200m0-48C119.033 8 8 119.033 8 256s111.033 248 248 248 248-111.033 248-248S392.967 8 256 8zm0 168c-44.183 0-80 35.817-80 80s35.817 80 80 80 80-35.817 80-80-35.817-80-80-80z\"><\/path><\/svg><\/span><span class=\"gb-headline-text\"><strong>Viaggi privati<\/strong>:<br><strong>50 a persona<\/strong><\/span><\/h3>\n\n\n\n<div class=\"gb-headline gb-headline-a4079e76 gb-headline-text\">Questo prezzo \u00e8 destinato a coloro che desiderano prenotare il trasporto in qualsiasi momento che gli sia congeniale: l'ideale se volete volare senza dipendere dagli orari degli altri!<\/div>\n\n<\/div><\/div>\n\n<div class=\"gb-grid-column gb-grid-column-40a5101d\"><div class=\"gb-container gb-container-40a5101d\">\n\n<h3 class=\"gb-headline gb-headline-67c9617f\"><span class=\"gb-icon\"><svg aria-hidden=\"true\" role=\"img\" height=\"1em\" width=\"1em\" viewbox=\"0 0 512 512\" xmlns=\"http:\/\/www.w3.org\/2000\/svg\"><path fill=\"currentColor\" d=\"M256 56c110.532 0 200 89.451 200 200 0 110.532-89.451 200-200 200-110.532 0-200-89.451-200-200 0-110.532 89.451-200 200-200m0-48C119.033 8 8 119.033 8 256s111.033 248 248 248 248-111.033 248-248S392.967 8 256 8zm0 168c-44.183 0-80 35.817-80 80s35.817 80 80 80 80-35.817 80-80-35.817-80-80-80z\"><\/path><\/svg><\/span><span class=\"gb-headline-text\"><strong>Prenotazione di gruppo (4 o pi\u00f9 persone)<\/strong>:<br><strong>25 \u20ac a persona<\/strong><\/span><\/h3>\n\n\n\n<div class=\"gb-headline gb-headline-131ec34f gb-headline-text\">Se prenotate per un gruppo di 4 o pi\u00f9 persone, vi offriamo un prezzo speciale. Viaggiare in gruppo \u00e8 pi\u00f9 economico e assicura la partenza.<\/div>\n\n<\/div><\/div>\n\n<div class=\"gb-grid-column gb-grid-column-cf56a6cf\"><div class=\"gb-container gb-container-cf56a6cf\">\n\n<h3 class=\"gb-headline gb-headline-763a104d\"><span class=\"gb-icon\"><svg aria-hidden=\"true\" role=\"img\" height=\"1em\" width=\"1em\" viewbox=\"0 0 512 512\" xmlns=\"http:\/\/www.w3.org\/2000\/svg\"><path fill=\"currentColor\" d=\"M256 56c110.532 0 200 89.451 200 200 0 110.532-89.451 200-200 200-110.532 0-200-89.451-200-200 0-110.532 89.451-200 200-200m0-48C119.033 8 8 119.033 8 256s111.033 248 248 248 248-111.033 248-248S392.967 8 256 8zm0 168c-44.183 0-80 35.817-80 80s35.817 80 80 80 80-35.817 80-80-35.817-80-80-80z\"><\/path><\/svg><\/span><span class=\"gb-headline-text\"><strong>Prenotazione flessibile (per adattarsi ai nostri orari)<\/strong>:<br><strong>20 a persona<\/strong><\/span><\/h3>\n\n\n\n<div class=\"gb-headline gb-headline-07024b96 gb-headline-text\">Se riuscite a inserirvi negli orari che abbiamo a disposizione (quando facciamo voli in tandem o abbiamo gi\u00e0 altri passeggeri), potete godervi il viaggio a un prezzo ridotto: un'opzione perfetta se viaggiate da soli o in un piccolo gruppo!<\/div>\n\n<\/div><\/div>\n<\/div>\n<\/div>\n\n<div class=\"gb-container gb-container-efcb0052\">\n<div class=\"gb-container gb-container-e98b380e\">\n\n<h2 class=\"gb-headline gb-headline-dad297f5 gb-headline-text\">Processo di prenotazione<\/h2>\n\n\n\n<div class=\"gb-headline gb-headline-9aad4537 gb-headline-text\">Per effettuare la prenotazione, seguite questi semplici passaggi:<br><strong>Contatto iniziale:<\/strong><br>Contattateci via WhatsApp per verificare la disponibilit\u00e0 e ottenere la conferma della vostra prenotazione. Potete inviarci un messaggio su .<\/div>\n\n\n\n<div class=\"wp-block-buttons is-content-justification-center is-layout-flex wp-container-core-buttons-is-layout-16018d1d wp-block-buttons-is-layout-flex\">\n<div class=\"wp-block-button is-style-outline is-style-outline--1\"><a class=\"wp-block-button__link has-contrast-color has-base-3-background-color has-text-color has-background has-text-align-center wp-element-button\" style=\"border-radius:15px\"><strong>whatsapp<\/strong><\/a><\/div>\n<\/div>\n\n\n\n<p class=\"has-text-align-center\">Effettuare il bonifico bancario sul seguente conto :<\/p>\n\n\n\n<p class=\"has-text-align-center\"><strong>TEN PARAPENTE, S.L.U.<\/strong><br><strong>Bonifico bancario - BBVA<\/strong><br><strong>IBAN:<\/strong> ES2501823282930201587390<\/p>\n\n<\/div>\n<\/div>\n<\/div><\/div><\/div>\n\n\n\n<p><\/p>","protected":false},"excerpt":{"rendered":"","protected":false},"author":2,"featured_media":0,"parent":0,"menu_order":0,"comment_status":"closed","ping_status":"closed","template":"","meta":{"_monsterinsights_skip_tracking":false,"_monsterinsights_sitenote_active":false,"_monsterinsights_sitenote_note":"","_monsterinsights_sitenote_category":0,"footnotes":""},"class_list":["post-5821","page","type-page","status-publish"],"_links":{"self":[{"href":"https:\/\/www.ggaparapente.com\/it\/wp-json\/wp\/v2\/pages\/5821","targetHints":{"allow":["GET"]}}],"collection":[{"href":"https:\/\/www.ggaparapente.com\/it\/wp-json\/wp\/v2\/pages"}],"about":[{"href":"https:\/\/www.ggaparapente.com\/it\/wp-json\/wp\/v2\/types\/page"}],"author":[{"embeddable":true,"href":"https:\/\/www.ggaparapente.com\/it\/wp-json\/wp\/v2\/users\/2"}],"replies":[{"embeddable":true,"href":"https:\/\/www.ggaparapente.com\/it\/wp-json\/wp\/v2\/comments?post=5821"}],"version-history":[{"count":0,"href":"https:\/\/www.ggaparapente.com\/it\/wp-json\/wp\/v2\/pages\/5821\/revisions"}],"wp:attachment":[{"href":"https:\/\/www.ggaparapente.com\/it\/wp-json\/wp\/v2\/media?parent=5821"}],"curies":[{"name":"wp","href":"https:\/\/api.w.org\/{rel}","templated":true}]}}

Trasporto per parapendisti a Tenerife: viaggio a Izaña e decollo da 2200m

<div class="wp-block-cover alignfull is-light" style="min-height:100vh;aspect-ratio:unset;"><span aria-hidden="true" class="wp-block-cover__background has-background-dim-100 has-background-dim" style="background-color:#ffffff"></span><div class="wp-block-cover__inner-container is-layout-flow wp-block-cover-is-layout-flow">
<div class="wp-block-media-text alignwide is-stacked-on-mobile is-vertically-aligned-center is-image-fill" style="grid-template-columns:56% auto"><figure class="wp-block-media-text__media" style="background-image:url(https://www.ggaparapente.com/wp-content/uploads/2024/10/DALL·E-2024-10-24-20.36.56-An-illustration-of-a-Renault-Trafic-van-driving-up-a-mountain-road-towards-the-Izana-area-with-Mount-Teide-prominently-in-the-background.-The-van-is-.webp);background-position:50% 50%"><img loading="lazy" decoding="async" width="1024" height="1024" src="https://www.ggaparapente.com/wp-content/uploads/2024/10/DALL-E-2024-10-24-20.36.56-An-illustration-of-a-Renault-Trafic-van-driving-up-a-mountain-road-towards-the-Izana-area-with-Mount-Teide-prominently-in-the-background.-The-van-is-.webp" alt="" class="wp-image-5822 size-full" title="" srcset="" sizes="auto, (max-width: 1024px) 100vw, 1024px" data-srcset="" /></figure><div class="wp-block-media-text__content">
<h2 class="wp-block-heading has-text-color" style="color:#000000;font-size:32px"><strong>Trasporto specializzato per parapendisti a Izaña</strong></h2>



<p class="has-text-color" style="color:#000000;font-size:17px"><em>Trasporto professionale per parapendio al sito di decollo di Izaña. Che voliate da soli o in gruppo, vi porteremo direttamente a 2200 metri di altitudine con il miglior servizio. Prenotate il vostro posto e godetevi il volo senza preoccupazioni!</em></p>



<div class="wp-block-buttons is-layout-flex wp-block-buttons-is-layout-flex"></div>
</div></div>


<div class="gb-container gb-container-d400af0f">
<div class="gb-container gb-container-e04b3174">
<div class="gb-container gb-container-25dcbec0">

<h2 class="gb-headline gb-headline-b0b08234 gb-headline-text">Tariffe di trasporto per Izaña</h2>



<div class="gb-headline gb-headline-9e62c019 gb-headline-text">Offriamo opzioni di trasporto adatte alle vostre esigenze. Che vogliate un viaggio esclusivo o preferiate approfittare dei nostri turni regolari, ecco le nostre tariffe.</div>

</div>
</div>

<div class="gb-container gb-container-4faed120">
<div class="gb-grid-wrapper gb-grid-wrapper-93f1e1d7">
<div class="gb-grid-column gb-grid-column-3e60a742"><div class="gb-container gb-container-3e60a742">

<h3 class="gb-headline gb-headline-1b8bd9cf"><span class="gb-icon"><svg aria-hidden="true" role="img" height="1em" width="1em" viewbox="0 0 512 512" xmlns="http://www.w3.org/2000/svg"><path fill="currentColor" d="M256 56c110.532 0 200 89.451 200 200 0 110.532-89.451 200-200 200-110.532 0-200-89.451-200-200 0-110.532 89.451-200 200-200m0-48C119.033 8 8 119.033 8 256s111.033 248 248 248 248-111.033 248-248S392.967 8 256 8zm0 168c-44.183 0-80 35.817-80 80s35.817 80 80 80 80-35.817 80-80-35.817-80-80-80z"></path></svg></span><span class="gb-headline-text"><strong>Viaggi privati</strong>:<br><strong>50 a persona</strong></span></h3>



<div class="gb-headline gb-headline-a4079e76 gb-headline-text">Questo prezzo è destinato a coloro che desiderano prenotare il trasporto in qualsiasi momento che gli sia congeniale: l'ideale se volete volare senza dipendere dagli orari degli altri!</div>

</div></div>

<div class="gb-grid-column gb-grid-column-40a5101d"><div class="gb-container gb-container-40a5101d">

<h3 class="gb-headline gb-headline-67c9617f"><span class="gb-icon"><svg aria-hidden="true" role="img" height="1em" width="1em" viewbox="0 0 512 512" xmlns="http://www.w3.org/2000/svg"><path fill="currentColor" d="M256 56c110.532 0 200 89.451 200 200 0 110.532-89.451 200-200 200-110.532 0-200-89.451-200-200 0-110.532 89.451-200 200-200m0-48C119.033 8 8 119.033 8 256s111.033 248 248 248 248-111.033 248-248S392.967 8 256 8zm0 168c-44.183 0-80 35.817-80 80s35.817 80 80 80 80-35.817 80-80-35.817-80-80-80z"></path></svg></span><span class="gb-headline-text"><strong>Prenotazione di gruppo (4 o più persone)</strong>:<br><strong>25 € a persona</strong></span></h3>



<div class="gb-headline gb-headline-131ec34f gb-headline-text">Se prenotate per un gruppo di 4 o più persone, vi offriamo un prezzo speciale. Viaggiare in gruppo è più economico e assicura la partenza.</div>

</div></div>

<div class="gb-grid-column gb-grid-column-cf56a6cf"><div class="gb-container gb-container-cf56a6cf">

<h3 class="gb-headline gb-headline-763a104d"><span class="gb-icon"><svg aria-hidden="true" role="img" height="1em" width="1em" viewbox="0 0 512 512" xmlns="http://www.w3.org/2000/svg"><path fill="currentColor" d="M256 56c110.532 0 200 89.451 200 200 0 110.532-89.451 200-200 200-110.532 0-200-89.451-200-200 0-110.532 89.451-200 200-200m0-48C119.033 8 8 119.033 8 256s111.033 248 248 248 248-111.033 248-248S392.967 8 256 8zm0 168c-44.183 0-80 35.817-80 80s35.817 80 80 80 80-35.817 80-80-35.817-80-80-80z"></path></svg></span><span class="gb-headline-text"><strong>Prenotazione flessibile (per adattarsi ai nostri orari)</strong>:<br><strong>20 a persona</strong></span></h3>



<div class="gb-headline gb-headline-07024b96 gb-headline-text">Se riuscite a inserirvi negli orari che abbiamo a disposizione (quando facciamo voli in tandem o abbiamo già altri passeggeri), potete godervi il viaggio a un prezzo ridotto: un'opzione perfetta se viaggiate da soli o in un piccolo gruppo!</div>

</div></div>
</div>
</div>

<div class="gb-container gb-container-efcb0052">
<div class="gb-container gb-container-e98b380e">

<h2 class="gb-headline gb-headline-dad297f5 gb-headline-text">Processo di prenotazione</h2>



<div class="gb-headline gb-headline-9aad4537 gb-headline-text">Per effettuare la prenotazione, seguite questi semplici passaggi:<br><strong>Contatto iniziale:</strong><br>Contattateci via WhatsApp per verificare la disponibilità e ottenere la conferma della vostra prenotazione. Potete inviarci un messaggio su .</div>



<div class="wp-block-buttons is-content-justification-center is-layout-flex wp-container-core-buttons-is-layout-16018d1d wp-block-buttons-is-layout-flex">
<div class="wp-block-button is-style-outline is-style-outline--1"><a class="wp-block-button__link has-contrast-color has-base-3-background-color has-text-color has-background has-text-align-center wp-element-button" style="border-radius:15px"><strong>whatsapp</strong></a></div>
</div>



<p class="has-text-align-center">Effettuare il bonifico bancario sul seguente conto :</p>



<p class="has-text-align-center"><strong>TEN PARAPENTE, S.L.U.</strong><br><strong>Bonifico bancario - BBVA</strong><br><strong>IBAN:</strong> ES2501823282930201587390</p>

</div>
</div>
</div></div></div>



<p></p>
