{"id":387,"date":"2019-08-15T10:54:29","date_gmt":"2019-08-15T10:54:29","guid":{"rendered":"https:\/\/www.ggaparapente.com\/?page_id=387"},"modified":"2025-05-17T19:38:08","modified_gmt":"2025-05-17T19:38:08","slug":"a-propos-de-nous","status":"publish","type":"page","link":"https:\/\/www.ggaparapente.com\/fr\/a-propos-de-nous\/","title":{"rendered":"A propos de nous"},"content":{"rendered":"<h2 class=\"wp-block-heading has-text-align-center has-large-font-size\"><strong>Les d\u00e9buts du parapente G.G.A.<\/strong><\/h2>\n\n\n\n<p class=\"has-text-align-center has-small-font-size\">Cela a commenc\u00e9 comme une passion et un style de vie, car voler est devenu notre fascination quotidienne. Les emplois \"traditionnels\" se sont av\u00e9r\u00e9s incompatibles avec ce \u00e0 quoi nos c\u0153urs aspiraient, et nous avons donc rapidement cr\u00e9\u00e9 GGAparapente en 2017. Depuis, nous avons eu le privil\u00e8ge de r\u00e9aliser le r\u00eave de voler de milliers de personnes chaque ann\u00e9e. Notre objectif est d'offrir des exp\u00e9riences inoubliables dans les airs, o\u00f9 la libert\u00e9 et l'excitation s'entrem\u00ealent \u00e0 chaque vol. Nous sommes fiers de faire partie du voyage de ceux qui souhaitent d\u00e9fier la gravit\u00e9 et voir le monde d'une perspective unique. Chez GGAparapente, nous transformons les r\u00eaves en r\u00e9alit\u00e9 et partageons l'\u00e9merveillement du vol avec ceux qui souhaitent d\u00e9couvrir la joie de s'envoler.<\/p>\n\n\n\n<div class=\"wp-block-media-text alignfull has-media-on-the-right is-vertically-aligned-center is-image-fill-element has-base-3-background-color has-background\"><div class=\"wp-block-media-text__content\">\n<h3 class=\"wp-block-heading has-text-align-center has-regular-font-size\">pilote de tandem et fondateur<\/h3>\n\n\n\n<p class=\"has-text-align-center\"><strong>&nbsp;\"Le plus vite, le plus haut et le plus loin possible\".<\/strong><\/p>\n\n\n\n<p class=\"has-text-align-center has-small-font-size\">Depuis mon enfance, j'ai toujours eu l'obsession de voler, que ce soit en skateboard, en kitesurf, en parachute, jusqu'\u00e0 ce que je trouve ma passion, qui est et sera toujours le parapente. <a href=\"https:\/\/www.ggaparapente.com\/wp-content\/uploads\/2022\/08\/Cerficado-FECDA-Gaston-Gomes.jpg\">Voir la qualification <\/a><\/p>\n<\/div><figure class=\"wp-block-media-text__media\"><img loading=\"lazy\" decoding=\"async\" width=\"1024\" height=\"655\" src=\"https:\/\/www.ggaparapente.com\/wp-content\/uploads\/2019\/10\/parapente-monitores-e1660870496130-1024x655.jpg\" alt=\"\" class=\"wp-image-1113 size-full\" style=\"object-position:48% 48%\" title=\"\" srcset=\"https:\/\/www.ggaparapente.com\/wp-content\/uploads\/2019\/10\/parapente-monitores-e1660870496130-1024x655.jpg 1024w, https:\/\/www.ggaparapente.com\/wp-content\/uploads\/2019\/10\/parapente-monitores-e1660870496130-300x192.jpg 300w, https:\/\/www.ggaparapente.com\/wp-content\/uploads\/2019\/10\/parapente-monitores-e1660870496130-768x491.jpg 768w, https:\/\/www.ggaparapente.com\/wp-content\/uploads\/2019\/10\/parapente-monitores-e1660870496130-1536x983.jpg 1536w, https:\/\/www.ggaparapente.com\/wp-content\/uploads\/2019\/10\/parapente-monitores-e1660870496130-2048x1310.jpg 2048w\" sizes=\"auto, (max-width: 1024px) 100vw, 1024px\" \/><\/figure><\/div>\n\n\n\n<div class=\"wp-block-media-text alignfull is-vertically-aligned-center is-image-fill-element has-base-3-background-color has-background\"><figure class=\"wp-block-media-text__media\"><img loading=\"lazy\" decoding=\"async\" width=\"768\" height=\"1024\" src=\"https:\/\/www.ggaparapente.com\/wp-content\/uploads\/2022\/12\/intructor-de-parapente-pedro-768x1024.jpg\" alt=\"\" class=\"wp-image-4138 size-full\" style=\"object-position:50% 28%\" title=\"\" srcset=\"https:\/\/www.ggaparapente.com\/wp-content\/uploads\/2022\/12\/intructor-de-parapente-pedro-768x1024.jpg 768w, https:\/\/www.ggaparapente.com\/wp-content\/uploads\/2022\/12\/intructor-de-parapente-pedro-225x300.jpg 225w, https:\/\/www.ggaparapente.com\/wp-content\/uploads\/2022\/12\/intructor-de-parapente-pedro-1152x1536.jpg 1152w, https:\/\/www.ggaparapente.com\/wp-content\/uploads\/2022\/12\/intructor-de-parapente-pedro-scaled.jpg 1536w\" sizes=\"auto, (max-width: 768px) 100vw, 768px\" \/><\/figure><div class=\"wp-block-media-text__content\">\n<h3 class=\"wp-block-heading has-text-align-center has-text-color has-regular-font-size\" style=\"color:#000000\">pilote de tandem<\/h3>\n\n\n\n<p class=\"has-text-align-center has-extra-small-font-size\"><em><strong>\"Je suis tellement passionn\u00e9 par l'aviation que j'ai pass\u00e9 toutes mes minutes libres dans les airs\".<\/strong><\/em><\/p>\n\n\n\n<p class=\"has-text-align-center has-contrast-color has-text-color has-small-font-size\">D\u00e8s l'enfance, les montagnes de T\u00e9n\u00e9rife \u00e9taient le grand terrain de jeu de Pedro. Il a d'abord \u00e9t\u00e9 fascin\u00e9 par le saut \u00e0 l'\u00e9lastique, l'escalade, le parachutisme et d'innombrables autres activit\u00e9s avant de d\u00e9couvrir le parapente. <a href=\"https:\/\/www.ggaparapente.com\/wp-content\/uploads\/2022\/08\/Cerficado-FECDA-Pedro-Catala.jpg\">Voir la qualification <\/a><\/p>\n<\/div><\/div>\n\n\n\n<div class=\"wp-block-media-text alignfull has-media-on-the-right is-vertically-aligned-center is-image-fill-element has-base-3-background-color has-background\"><div class=\"wp-block-media-text__content\">\n<h3 class=\"wp-block-heading has-text-align-center has-text-color has-regular-font-size\" style=\"color:#000000\">pilote de tandem<\/h3>\n\n\n\n<p class=\"has-text-align-center has-extra-small-font-size\"><em><strong>\"Du sommet des montagnes \u00e0 l'envol\".<\/strong><\/em><\/p>\n\n\n\n<p class=\"has-text-align-center has-small-font-size\"><br>\u00c0 chaque vol, Aurelio, l'intr\u00e9pide pilote, d\u00e9fie les limites du ciel, nourrissant son esprit indomptable de l'\u00e9panouissement et de la passion que seul le vol peut apporter.<a href=\"https:\/\/www.ggaparapente.com\/wp-content\/uploads\/2023\/05\/FECDA-2023.pdf\" data-type=\"URL\" data-id=\"https:\/\/www.ggaparapente.com\/wp-content\/uploads\/2023\/05\/FECDA-2023.pdf\">Voir la qualification <\/a><\/p>\n<\/div><figure class=\"wp-block-media-text__media\"><img loading=\"lazy\" decoding=\"async\" width=\"768\" height=\"1024\" src=\"https:\/\/www.ggaparapente.com\/wp-content\/uploads\/2023\/05\/IMG-6694-768x1024.jpg\" alt=\"\" class=\"wp-image-5477 size-full\" style=\"object-position:47% 40%\" title=\"\" srcset=\"https:\/\/www.ggaparapente.com\/wp-content\/uploads\/2023\/05\/IMG-6694-768x1024.jpg 768w, https:\/\/www.ggaparapente.com\/wp-content\/uploads\/2023\/05\/IMG-6694-225x300.jpg 225w, https:\/\/www.ggaparapente.com\/wp-content\/uploads\/2023\/05\/IMG-6694-1152x1536.jpg 1152w, https:\/\/www.ggaparapente.com\/wp-content\/uploads\/2023\/05\/IMG-6694-scaled.jpg 1536w\" sizes=\"auto, (max-width: 768px) 100vw, 768px\" \/><\/figure><\/div>\n\n\n\n<div class=\"wp-block-media-text alignfull is-vertically-aligned-center is-image-fill-element has-base-3-background-color has-background\"><figure class=\"wp-block-media-text__media\"><img loading=\"lazy\" decoding=\"async\" width=\"768\" height=\"1024\" src=\"https:\/\/www.ggaparapente.com\/wp-content\/uploads\/2023\/05\/IMG-6695-768x1024.jpg\" alt=\"\" class=\"wp-image-5482 size-full\" style=\"object-position:47% 36%\" title=\"\" srcset=\"https:\/\/www.ggaparapente.com\/wp-content\/uploads\/2023\/05\/IMG-6695-768x1024.jpg 768w, https:\/\/www.ggaparapente.com\/wp-content\/uploads\/2023\/05\/IMG-6695-225x300.jpg 225w, https:\/\/www.ggaparapente.com\/wp-content\/uploads\/2023\/05\/IMG-6695-1152x1536.jpg 1152w, https:\/\/www.ggaparapente.com\/wp-content\/uploads\/2023\/05\/IMG-6695-scaled.jpg 1536w\" sizes=\"auto, (max-width: 768px) 100vw, 768px\" \/><\/figure><div class=\"wp-block-media-text__content\">\n<h3 class=\"wp-block-heading has-text-align-center has-text-color has-regular-font-size\" style=\"color:#000000\">Conducteur<\/h3>\n\n\n\n<p class=\"has-text-align-center has-small-font-size\"><br>Je conduis avec passion et responsabilit\u00e9, guidant les parapentistes vers leur rencontre avec le ciel, t\u00e9moin de leurs \u00e9motions lorsqu'ils d\u00e9ploient leurs ailes et atteignent de nouveaux horizons.<\/p>\n<\/div><\/div>\n\n\n\n<div class=\"wp-block-cover alignfull\" style=\"min-height:87px;aspect-ratio:unset;\"><span aria-hidden=\"true\" class=\"wp-block-cover__background has-background-dim-100 has-background-dim\" style=\"background-color:#252628\"><\/span><div class=\"wp-block-cover__inner-container is-layout-flow wp-block-cover-is-layout-flow\">\n<h1 class=\"wp-block-heading has-text-align-center has-large-font-size\">Partenaires<\/h1>\n<\/div><\/div>\n\n\n<div class=\"wp-block-image\">\n<figure class=\"aligncenter size-full is-resized\"><a href=\"https:\/\/madparapente.com\/\" target=\"_blank\" rel=\"noopener\"><img loading=\"lazy\" decoding=\"async\" width=\"700\" height=\"400\" src=\"https:\/\/www.ggaparapente.com\/wp-content\/uploads\/2023\/03\/logo-01.png\" alt=\"\" class=\"wp-image-5300\" style=\"width:219px;height:125px\" title=\"\" srcset=\"https:\/\/www.ggaparapente.com\/wp-content\/uploads\/2023\/03\/logo-01.png 700w, https:\/\/www.ggaparapente.com\/wp-content\/uploads\/2023\/03\/logo-01-300x171.png 300w\" sizes=\"auto, (max-width: 700px) 100vw, 700px\" \/><\/a><\/figure>\n<\/div>\n\n\n<p class=\"has-text-align-center has-contrast-2-color has-text-color\">Cours de parapente, paramoteur et parapente \u00e0 Madrid.&nbsp;<\/p>\n\n\n\n<div class=\"wp-block-cover alignfull\"><span aria-hidden=\"true\" class=\"wp-block-cover__background has-base-3-background-color has-background-dim-100 has-background-dim\"><\/span><div class=\"wp-block-cover__inner-container is-layout-flow wp-block-cover-is-layout-flow\"><div class=\"wp-block-image\">\n<figure class=\"aligncenter size-full\"><a href=\"https:\/\/alamair.com\" target=\"_blank\" rel=\"noopener\"><img loading=\"lazy\" decoding=\"async\" width=\"250\" height=\"75\" src=\"https:\/\/www.ggaparapente.com\/wp-content\/uploads\/2023\/03\/alamair-logo.png\" alt=\"\" class=\"wp-image-5291\" title=\"\"><\/a><\/figure>\n<\/div>\n\n\n<p class=\"has-text-align-center has-contrast-2-color has-text-color\">Magasin de parapente \u00e0 Madrid. Les meilleures marques de parapente : Ozone, Supair, Woody Valley.<\/p>\n\n\n<div class=\"wp-block-image\">\n<figure class=\"aligncenter size-full is-resized\"><a href=\"https:\/\/www.evolvendoexperience.com\/\" target=\"_blank\" rel=\"noopener\"><img loading=\"lazy\" decoding=\"async\" width=\"683\" height=\"590\" src=\"https:\/\/www.ggaparapente.com\/wp-content\/uploads\/2023\/03\/unnamed.jpg\" alt=\"\" class=\"wp-image-5297\" style=\"width:237px;height:205px\" title=\"\" srcset=\"https:\/\/www.ggaparapente.com\/wp-content\/uploads\/2023\/03\/unnamed.jpg 683w, https:\/\/www.ggaparapente.com\/wp-content\/uploads\/2023\/03\/unnamed-300x259.jpg 300w\" sizes=\"auto, (max-width: 683px) 100vw, 683px\" \/><\/a><\/figure>\n<\/div>\n\n\n<p class=\"has-text-align-center has-contrast-2-color has-text-color\"> votre meilleure exp\u00e9rience en vous proposant diff\u00e9rentes solutions de voyage, y compris des cours, des h\u00e9bergements et d'autres activit\u00e9s sur l'\u00eele.<\/p>\n\n\n<div class=\"wp-block-image\">\n<figure class=\"aligncenter size-full\"><a href=\"http:\/\/pkskitesurftenerife.es\/en\/\" target=\"_blank\" rel=\"noopener\"><img loading=\"lazy\" decoding=\"async\" width=\"200\" height=\"99\" src=\"https:\/\/www.ggaparapente.com\/wp-content\/uploads\/2023\/03\/Risorsa-1small-1.png\" alt=\"\" class=\"wp-image-5295\" title=\"\"><\/a><\/figure>\n<\/div>\n\n\n<p class=\"has-text-align-center has-contrast-2-color has-text-color\">&nbsp;l'\u00e9cole de kitesurf num\u00e9ro un \u00e0 Tenerife o\u00f9 vous pouvez r\u00e9aliser votre r\u00eave. Nous proposons des cours de kitesurf, de wingfoil et de surf.<\/p>\n<\/div><\/div>","protected":false},"excerpt":{"rendered":"<p>inicios de G.G.A.parapente Comenz\u00f3 como una pasi\u00f3n y un estilo de vida, ya que volar se convirti\u00f3 en nuestra fascinaci\u00f3n diaria. Los trabajos \u00abtradicionales\u00bb resultaron incompatibles con lo que nuestros corazones anhelaban, por lo que r\u00e1pidamente creamos GGAparapente en 2017. Desde entonces, hemos tenido el privilegio de hacer realidad el sue\u00f1o de volar para miles &#8230; <a title=\"A propos de nous\" class=\"read-more\" href=\"https:\/\/www.ggaparapente.com\/fr\/a-propos-de-nous\/\" aria-label=\"Plus sur Sobre nosotros\">Lire plus<\/a><\/p>","protected":false},"author":1,"featured_media":0,"parent":0,"menu_order":0,"comment_status":"closed","ping_status":"closed","template":"","meta":{"_monsterinsights_skip_tracking":false,"_monsterinsights_sitenote_active":false,"_monsterinsights_sitenote_note":"","_monsterinsights_sitenote_category":0,"footnotes":""},"class_list":["post-387","page","type-page","status-publish"],"_links":{"self":[{"href":"https:\/\/www.ggaparapente.com\/fr\/wp-json\/wp\/v2\/pages\/387","targetHints":{"allow":["GET"]}}],"collection":[{"href":"https:\/\/www.ggaparapente.com\/fr\/wp-json\/wp\/v2\/pages"}],"about":[{"href":"https:\/\/www.ggaparapente.com\/fr\/wp-json\/wp\/v2\/types\/page"}],"author":[{"embeddable":true,"href":"https:\/\/www.ggaparapente.com\/fr\/wp-json\/wp\/v2\/users\/1"}],"replies":[{"embeddable":true,"href":"https:\/\/www.ggaparapente.com\/fr\/wp-json\/wp\/v2\/comments?post=387"}],"version-history":[{"count":0,"href":"https:\/\/www.ggaparapente.com\/fr\/wp-json\/wp\/v2\/pages\/387\/revisions"}],"wp:attachment":[{"href":"https:\/\/www.ggaparapente.com\/fr\/wp-json\/wp\/v2\/media?parent=387"}],"curies":[{"name":"wp","href":"https:\/\/api.w.org\/{rel}","templated":true}]}}

<h2 class="wp-block-heading has-text-align-center has-large-font-size"><strong>Les débuts du parapente G.G.A.</strong></h2>



<p class="has-text-align-center has-small-font-size">Cela a commencé comme une passion et un style de vie, car voler est devenu notre fascination quotidienne. Les emplois "traditionnels" se sont avérés incompatibles avec ce à quoi nos cœurs aspiraient, et nous avons donc rapidement créé GGAparapente en 2017. Depuis, nous avons eu le privilège de réaliser le rêve de voler de milliers de personnes chaque année. Notre objectif est d'offrir des expériences inoubliables dans les airs, où la liberté et l'excitation s'entremêlent à chaque vol. Nous sommes fiers de faire partie du voyage de ceux qui souhaitent défier la gravité et voir le monde d'une perspective unique. Chez GGAparapente, nous transformons les rêves en réalité et partageons l'émerveillement du vol avec ceux qui souhaitent découvrir la joie de s'envoler.</p>



<div class="wp-block-media-text alignfull has-media-on-the-right is-vertically-aligned-center is-image-fill-element has-base-3-background-color has-background"><div class="wp-block-media-text__content">
<h3 class="wp-block-heading has-text-align-center has-regular-font-size">pilote de tandem et fondateur</h3>



<p class="has-text-align-center"><strong>&nbsp;"Le plus vite, le plus haut et le plus loin possible".</strong></p>



<p class="has-text-align-center has-small-font-size">Depuis mon enfance, j'ai toujours eu l'obsession de voler, que ce soit en skateboard, en kitesurf, en parachute, jusqu'à ce que je trouve ma passion, qui est et sera toujours le parapente. <a href="https://www.ggaparapente.com/wp-content/uploads/2022/08/Cerficado-FECDA-Gaston-Gomes.jpg">Voir la qualification </a></p>
</div><figure class="wp-block-media-text__media"><img loading="lazy" decoding="async" width="1024" height="655" src="https://www.ggaparapente.com/wp-content/uploads/2019/10/parapente-monitores-e1660870496130-1024x655.jpg" alt="" class="wp-image-1113 size-full" style="object-position:48% 48%" title="" srcset="https://www.ggaparapente.com/wp-content/uploads/2019/10/parapente-monitores-e1660870496130-1024x655.jpg 1024w, https://www.ggaparapente.com/wp-content/uploads/2019/10/parapente-monitores-e1660870496130-300x192.jpg 300w, https://www.ggaparapente.com/wp-content/uploads/2019/10/parapente-monitores-e1660870496130-768x491.jpg 768w, https://www.ggaparapente.com/wp-content/uploads/2019/10/parapente-monitores-e1660870496130-1536x983.jpg 1536w, https://www.ggaparapente.com/wp-content/uploads/2019/10/parapente-monitores-e1660870496130-2048x1310.jpg 2048w" sizes="auto, (max-width: 1024px) 100vw, 1024px" /></figure></div>



<div class="wp-block-media-text alignfull is-vertically-aligned-center is-image-fill-element has-base-3-background-color has-background"><figure class="wp-block-media-text__media"><img loading="lazy" decoding="async" width="768" height="1024" src="https://www.ggaparapente.com/wp-content/uploads/2022/12/intructor-de-parapente-pedro-768x1024.jpg" alt="" class="wp-image-4138 size-full" style="object-position:50% 28%" title="" srcset="https://www.ggaparapente.com/wp-content/uploads/2022/12/intructor-de-parapente-pedro-768x1024.jpg 768w, https://www.ggaparapente.com/wp-content/uploads/2022/12/intructor-de-parapente-pedro-225x300.jpg 225w, https://www.ggaparapente.com/wp-content/uploads/2022/12/intructor-de-parapente-pedro-1152x1536.jpg 1152w, https://www.ggaparapente.com/wp-content/uploads/2022/12/intructor-de-parapente-pedro-scaled.jpg 1536w" sizes="auto, (max-width: 768px) 100vw, 768px" /></figure><div class="wp-block-media-text__content">
<h3 class="wp-block-heading has-text-align-center has-text-color has-regular-font-size" style="color:#000000">pilote de tandem</h3>



<p class="has-text-align-center has-extra-small-font-size"><em><strong>"Je suis tellement passionné par l'aviation que j'ai passé toutes mes minutes libres dans les airs".</strong></em></p>



<p class="has-text-align-center has-contrast-color has-text-color has-small-font-size">Dès l'enfance, les montagnes de Ténérife étaient le grand terrain de jeu de Pedro. Il a d'abord été fasciné par le saut à l'élastique, l'escalade, le parachutisme et d'innombrables autres activités avant de découvrir le parapente. <a href="https://www.ggaparapente.com/wp-content/uploads/2022/08/Cerficado-FECDA-Pedro-Catala.jpg">Voir la qualification </a></p>
</div></div>



<div class="wp-block-media-text alignfull has-media-on-the-right is-vertically-aligned-center is-image-fill-element has-base-3-background-color has-background"><div class="wp-block-media-text__content">
<h3 class="wp-block-heading has-text-align-center has-text-color has-regular-font-size" style="color:#000000">pilote de tandem</h3>



<p class="has-text-align-center has-extra-small-font-size"><em><strong>"Du sommet des montagnes à l'envol".</strong></em></p>



<p class="has-text-align-center has-small-font-size"><br>À chaque vol, Aurelio, l'intrépide pilote, défie les limites du ciel, nourrissant son esprit indomptable de l'épanouissement et de la passion que seul le vol peut apporter.<a href="https://www.ggaparapente.com/wp-content/uploads/2023/05/FECDA-2023.pdf" data-type="URL" data-id="https://www.ggaparapente.com/wp-content/uploads/2023/05/FECDA-2023.pdf">Voir la qualification </a></p>
</div><figure class="wp-block-media-text__media"><img loading="lazy" decoding="async" width="768" height="1024" src="https://www.ggaparapente.com/wp-content/uploads/2023/05/IMG-6694-768x1024.jpg" alt="" class="wp-image-5477 size-full" style="object-position:47% 40%" title="" srcset="https://www.ggaparapente.com/wp-content/uploads/2023/05/IMG-6694-768x1024.jpg 768w, https://www.ggaparapente.com/wp-content/uploads/2023/05/IMG-6694-225x300.jpg 225w, https://www.ggaparapente.com/wp-content/uploads/2023/05/IMG-6694-1152x1536.jpg 1152w, https://www.ggaparapente.com/wp-content/uploads/2023/05/IMG-6694-scaled.jpg 1536w" sizes="auto, (max-width: 768px) 100vw, 768px" /></figure></div>



<div class="wp-block-media-text alignfull is-vertically-aligned-center is-image-fill-element has-base-3-background-color has-background"><figure class="wp-block-media-text__media"><img loading="lazy" decoding="async" width="768" height="1024" src="https://www.ggaparapente.com/wp-content/uploads/2023/05/IMG-6695-768x1024.jpg" alt="" class="wp-image-5482 size-full" style="object-position:47% 36%" title="" srcset="https://www.ggaparapente.com/wp-content/uploads/2023/05/IMG-6695-768x1024.jpg 768w, https://www.ggaparapente.com/wp-content/uploads/2023/05/IMG-6695-225x300.jpg 225w, https://www.ggaparapente.com/wp-content/uploads/2023/05/IMG-6695-1152x1536.jpg 1152w, https://www.ggaparapente.com/wp-content/uploads/2023/05/IMG-6695-scaled.jpg 1536w" sizes="auto, (max-width: 768px) 100vw, 768px" /></figure><div class="wp-block-media-text__content">
<h3 class="wp-block-heading has-text-align-center has-text-color has-regular-font-size" style="color:#000000">Conducteur</h3>



<p class="has-text-align-center has-small-font-size"><br>Je conduis avec passion et responsabilité, guidant les parapentistes vers leur rencontre avec le ciel, témoin de leurs émotions lorsqu'ils déploient leurs ailes et atteignent de nouveaux horizons.</p>
</div></div>



<div class="wp-block-cover alignfull" style="min-height:87px;aspect-ratio:unset;"><span aria-hidden="true" class="wp-block-cover__background has-background-dim-100 has-background-dim" style="background-color:#252628"></span><div class="wp-block-cover__inner-container is-layout-flow wp-block-cover-is-layout-flow">
<h1 class="wp-block-heading has-text-align-center has-large-font-size">Partenaires</h1>
</div></div>


<div class="wp-block-image">
<figure class="aligncenter size-full is-resized"><a href="https://madparapente.com/" target="_blank" rel="noopener"><img loading="lazy" decoding="async" width="700" height="400" src="https://www.ggaparapente.com/wp-content/uploads/2023/03/logo-01.png" alt="" class="wp-image-5300" style="width:219px;height:125px" title="" srcset="https://www.ggaparapente.com/wp-content/uploads/2023/03/logo-01.png 700w, https://www.ggaparapente.com/wp-content/uploads/2023/03/logo-01-300x171.png 300w" sizes="auto, (max-width: 700px) 100vw, 700px" /></a></figure>
</div>


<p class="has-text-align-center has-contrast-2-color has-text-color">Cours de parapente, paramoteur et parapente à Madrid.&nbsp;</p>



<div class="wp-block-cover alignfull"><span aria-hidden="true" class="wp-block-cover__background has-base-3-background-color has-background-dim-100 has-background-dim"></span><div class="wp-block-cover__inner-container is-layout-flow wp-block-cover-is-layout-flow"><div class="wp-block-image">
<figure class="aligncenter size-full"><a href="https://alamair.com" target="_blank" rel="noopener"><img loading="lazy" decoding="async" width="250" height="75" src="https://www.ggaparapente.com/wp-content/uploads/2023/03/alamair-logo.png" alt="" class="wp-image-5291" title=""></a></figure>
</div>


<p class="has-text-align-center has-contrast-2-color has-text-color">Magasin de parapente à Madrid. Les meilleures marques de parapente : Ozone, Supair, Woody Valley.</p>


<div class="wp-block-image">
<figure class="aligncenter size-full is-resized"><a href="https://www.evolvendoexperience.com/" target="_blank" rel="noopener"><img loading="lazy" decoding="async" width="683" height="590" src="https://www.ggaparapente.com/wp-content/uploads/2023/03/unnamed.jpg" alt="" class="wp-image-5297" style="width:237px;height:205px" title="" srcset="https://www.ggaparapente.com/wp-content/uploads/2023/03/unnamed.jpg 683w, https://www.ggaparapente.com/wp-content/uploads/2023/03/unnamed-300x259.jpg 300w" sizes="auto, (max-width: 683px) 100vw, 683px" /></a></figure>
</div>


<p class="has-text-align-center has-contrast-2-color has-text-color"> votre meilleure expérience en vous proposant différentes solutions de voyage, y compris des cours, des hébergements et d'autres activités sur l'île.</p>


<div class="wp-block-image">
<figure class="aligncenter size-full"><a href="http://pkskitesurftenerife.es/en/" target="_blank" rel="noopener"><img loading="lazy" decoding="async" width="200" height="99" src="https://www.ggaparapente.com/wp-content/uploads/2023/03/Risorsa-1small-1.png" alt="" class="wp-image-5295" title=""></a></figure>
</div>


<p class="has-text-align-center has-contrast-2-color has-text-color">&nbsp;l'école de kitesurf numéro un à Tenerife où vous pouvez réaliser votre rêve. Nous proposons des cours de kitesurf, de wingfoil et de surf.</p>
</div></div>

<p>inicios de G.G.A.parapente Comenzó como una pasión y un estilo de vida, ya que volar se convirtió en nuestra fascinación diaria. Los trabajos «tradicionales» resultaron incompatibles con lo que nuestros corazones anhelaban, por lo que rápidamente creamos GGAparapente en 2017. Desde entonces, hemos tenido el privilegio de hacer realidad el sueño de volar para miles &#8230; <a title="A propos de nous" class="read-more" href="https://www.ggaparapente.com/fr/a-propos-de-nous/" aria-label="Plus sur Sobre nosotros">Lire plus</a></p>
